at is the greatest common divisor of s and v?
9
Let p(q) = 105*q**2 - q - 1. Let m be p(-1). Let c = m - 78. Suppose -c*x + 19*x = -168. What is the highest common factor of 168 and x?
21
Let k(p) = -p**2 - 10*p + 2. Let q be k(-22). Let d = q - 6. Let v = d - -433. Calculate the highest common factor of 15 and v.
15
Let b(j) = 3*j**2 + 2*j + 11. Let m be b(-3). Calculate the highest common factor of 2656 and m.
32
Let v(k) = 5*k**2 - 16*k + 9. Let a be v(6). Let u = a - 113. Let z be (-90)/(-3)*(-4)/u*2. What is the greatest common factor of 144 and z?
12
Let u be 0 + 8 + 0 + 1. Let c be (381 - u)/4 + -3. What is the greatest common divisor of c and 135?
45
Let w = 2095 - 1802. Calculate the greatest common factor of 17873 and w.
293
Let i(w) = w**3 + w**2 - w - 46. Let q be i(6). Let p be q/25 - 70*-1. Calculate the highest common factor of p and 30.
6
Let u = -5907 - -7448. Calculate the greatest common divisor of u and 469.
67
Suppose -28*d + 4451 = 15*d - 1096. Calculate the greatest common factor of 27 and d.
3
Suppose 5*s = -30, 348 = -3*u - 2*s + 2712. Calculate the highest common divisor of 8448 and u.
264
Suppose -3*c = 3*i - 324, c = -588*i + 585*i + 108. Calculate the highest common divisor of 396 and c.
36
Suppose 11*p - 19 = 47. Suppose p*x - 210 = -8*x. What is the highest common divisor of 10 and x?
5
Let d = 1188 + -624. Suppose -114 = 5*z - d. Calculate the highest common divisor of z and 36.
18
Let u(h) = -74*h**2 - 4*h - 22. Let q be u(-5). Let x = -956 - q. What is the highest common factor of 28 and x?
28
Let r(a) = -1121*a - 2. Let d be r(1). Let n = 1651 + d. Let s be n/(-10)*(-3)/((-9)/(-10)). Calculate the greatest common divisor of s and 44.
44
Let m(u) = -91*u + 71. Let g be m(-1). What is the highest common divisor of g and 2970?
54
Suppose 5*v - 74 = -2*h, 22*h - 5*v - 80 = 17*h. Calculate the highest common factor of h and 1969.
11
Suppose -5*v = 3*h, 0*v + 4*v = 3*h. Suppose -2*g + g + 5 = h. Suppose g*m + 35 = 175. Calculate the greatest common divisor of 28 and m.
28
Suppose 4*d = 2*n + 74, -2*d - 2*n + 217 = 165. What is the highest common factor of 183 and d?
3
Let b(a) = 2 + 6*a**2 - 8*a**2 - 3*a + 6*a**2. Let m be b(2). Let s = 13 - m. Calculate the greatest common factor of 1 and s.
1
Let a(h) = -6 + 16 - 9*h**2 + h**3 + 20 + 3 - 13*h. Let d be a(10). Suppose 7*p - 172 = d*p. Calculate the greatest common factor of p and 215.
43
Let u = 36 - 32. Suppose -u*f - 2*y - 2 = -4, -10 = 2*y. What is the highest common divisor of f and 3?
3
Let p = -28 + 31. Suppose p*b = 5*u + 39, -3*b + 7*u - 3*u + 36 = 0. Calculate the highest common factor of b and 92.
4
Let c(f) = 16*f - 7. Let h be c(-1). Suppose 2*y = y + 5, i - 1 = 5*y. Let x = h + i. Calculate the greatest common factor of x and 27.
3
Let t = 39 + -29. Let m = -23 + 26. Suppose 10*n = -c + 7*n - m, -4*c - 3*n + 15 = 0. What is the highest common factor of c and t?
2
Let i be (10 - 1) + 4 - (0 + -3). Let w be 152/(-4*(-4)/i). What is the greatest common factor of w and 8?
8
Let r(n) = 2*n**3 - 5*n**2 - 6*n - 7. Let y be r(7). Suppose -8*j + y = -j. Calculate the highest common divisor of 56 and j.
56
Let a be -1*5 + (-336298)/(-362). Calculate the highest common factor of a and 759.
33
Let y(n) be the first derivative of 2*n**2 + 51*n - 192. Let a be y(-5). What is the highest common factor of a and 403?
31
Suppose 8 = -109*v + 111*v, -c = -3*v - 1108. What is the greatest common factor of c and 12?
4
Suppose -2*s = z + 367, 0 = 13*z - 14*z - 4*s - 371. Let a = -351 - z. Let g = -4 + 28. Calculate the highest common factor of g and a.
12
Let s(o) = -o**3 + 4*o + 3. Let z be s(-2). Suppose 84 = z*h + h. Let x = 15183 + -15176. What is the highest common factor of x and h?
7
Let p be (767 - (3 - 1))*(-68)/(-170). Let l = p - 279. Calculate the greatest common divisor of l and 1.
1
Let d(f) = f**2 + 4*f - 17. Let m be d(5). Let x be (96/(-56))/(54/m + -2). What is the highest common divisor of x and 132?
12
Let p(u) = -u**3 + 14*u**2 - 39*u + 2. Let m be (-13 - (-12)/3)*-1. Let t be p(m). What is the highest common divisor of t and 308?
28
Suppose -5*q + 5*a + 340 = 0, q - 43 = 2*a - 6*a. Suppose -42*l = -205*l + 13692. Calculate the greatest common factor of q and l.
21
Let u(n) = 2*n - 24. Let y be u(10). Let d be -1 + 4 + 1 - (-4)/y. Suppose 0 = -a + 47 - 17. What is the greatest common divisor of a and d?
3
Suppose -509*h = -513*h + 2*y, -3*y + 1 = -5*h. What is the greatest common factor of 745 and h?
1
Suppose 0 = -152*u + 220*u + 2208 - 20160. Calculate the greatest common divisor of u and 902.
22
Suppose -1654 = 10*l - 254. Let g be ((-392)/35 - -10)/(2/l). What is the greatest common factor of 36 and g?
12
Let s(x) = -8*x + 272. Let k be 0/((-8)/(-16) - 15/(-6)). Let h be s(k). What is the greatest common divisor of 17 and h?
17
Let q = 288 + -247. Suppose -19*g + q = -18*g. What is the greatest common factor of 287 and g?
41
Let w = -33637 - -33675. Calculate the greatest common factor of w and 7999.
19
Let n(o) = o**2 - 17*o + 73. Let v be n(15). Calculate the greatest common factor of v and 3483.
43
Let p(d) = -2*d**2 + 2*d**2 - 9*d**2 + 4 + 3*d + 2*d**3. Let c be p(5). Calculate the greatest common divisor of 55 and c.
11
Suppose 5*a + 3*f = 1049, -3*a - f = -121 - 506. Suppose 2*b - 13 = -d + 15, -3*d - 5*b = -83. What is the highest common divisor of d and a?
26
Let h(y) = 95*y**2 - y**3 - 26*y - 61*y**2 - 48*y**2 - 8. Let g be h(-12). Calculate the highest common factor of 656 and g.
16
Let m(p) = 25*p**2 - 9*p - 9. Let n be m(-1). Let i = 101 - -24. Calculate the greatest common factor of i and n.
25
Let v(l) = 3*l**3 - 176*l**2 - 77*l + 1080. Let w be v(59). What is the greatest common factor of 450 and w?
18
Suppose -5*k - 39 = m - 3433, -3*k - 2*m + 2042 = 0. Let f be ((-3)/2)/(3 + k/(-224)). What is the greatest common divisor of 7 and f?
7
Suppose a + 346 = 3*s, -2*s + 7*a - 9*a + 228 = 0. Suppose -n + 4*x + 76 = 3*n, 5*n - s = x. Calculate the highest common divisor of 408 and n.
24
Let l(i) = 3*i**2 - 16*i + 16. Let t be l(7). Suppose 2*x - t = 45. Suppose 13*s - 19*s + 144 = 0. Calculate the greatest common factor of x and s.
24
Let v(y) = y**3 - 6*y**2 + 14*y + 29. Let o be v(9). Suppose 0 = -i - 5*n + o, 2*i = 2*n + 912 - 92. Calculate the greatest common divisor of i and 24.
24
Suppose 19*p = 22*p + 18, -5064 = -3*a - 2*p. What is the highest common factor of a and 36?
36
Let m be 2 + -5 + 7 + 1640. Let g be m/39 - 18/117. What is the highest common factor of g and 14?
14
Suppose 64 + 11 = 5*d. Let z be ((-432)/104)/(477/(-2067)). What is the highest common divisor of z and d?
3
Let f be 1*419 + 75/(-75). Suppose -k + f = 10*k. What is the greatest common factor of 6 and k?
2
Suppose 20*z = -5*z + 3*z + 130482. Calculate the greatest common divisor of z and 18.
9
Suppose 6*m + 25*m = 5085 + 12771. What is the highest common factor of m and 396?
36
Let b be (-1905)/(-60)*((-2 - -3) + 2 + 1). Calculate the highest common divisor of b and 10795.
127
Suppose 0 = -6*g + 11*r - 13*r + 190, -2*g = -4*r - 40. Calculate the greatest common divisor of g and 264.
6
Let d be 9/(-19 - 6886/(-352)). Let k(w) = 4*w**2. Let f be k(-8). Calculate the greatest common divisor of d and f.
16
Let b be (-11)/((-88)/(-104)) - -187. What is the highest common factor of b and 8352?
174
Let g be (294/8)/(3/12). Let f = -6311 + 6416. What is the highest common divisor of f and g?
21
Suppose -50*v - 49*v + 5590 = -89*v. Calculate the highest common divisor of v and 344.
43
Let t be (-16)/18 + (-138353)/(-279). What is the greatest common factor of 792 and t?
99
Let y(s) = -117*s - 285. Let b be y(-3). Let m(k) = 66*k**2 - k + 3. Let r be m(3). Calculate the highest common factor of r and b.
66
Suppose -2*r + 78 = 160 - 122. Calculate the greatest common factor of r and 9.
1
Let a = 4 + 1. Suppose -a*j + o = -38 - 409, -3 = -o. Let f be (280/15)/(12/j). What is the highest common factor of f and 28?
28
Suppose -9*h + 18*h = 45. Let z be (-62)/10*(6 + (h - 46)). What is the greatest common factor of z and 62?
31
Let k be 2/8 + 30351/4. What is the highest common divisor of k and 112?
28
Let r be (-12)/6 - 11*-1. Suppose -3*f + 5*o = -326, 11*f - 4*o - 214